ctors of a?
2
What are the prime factors of (-822)/(-8) + 39/(-52)?
2, 3, 17
Suppose -g + 4*g + 216 = 0. Let t = -46 - g. What are the prime factors of t?
2, 13
Let v be -3*(-1)/(-6)*-2. Suppose 2*y = 37 + v. List the prime factors of y.
19
Let b = 26 + -21. List the prime factors of b.
5
Suppose -2 + 0 = -2*r. List the prime factors of ((-36)/8)/(r/(-2)).
3
Suppose p = -3*y + 37, 0 = 2*y - p - 2*p - 32. Suppose y = -3*b + 37. What are the prime factors of 9/4 - 2/b?
2
Suppose q + 1 = 21. What are the prime factors of q?
2, 5
Suppose 3*x + 5 = 20. Let n(p) = -2*p**3 + 4 + p**3 - p**2 - x*p**2. What are the prime factors of n(-6)?
2
Let v be (-2)/(-6) - 24/(-9). Suppose -2*c - v*c - 215 = -5*i, -3*i + 129 = c. What are the prime factors of i?
43
Suppose -a - 4*g = -15, 9*g - 4*g - 45 = -5*a. Let t be (-12)/14*a/(-1). Let z = t - 1. List the prime factors of z.
5
Let w(g) = 6*g**2 + 12*g + 22. List the prime factors of w(-7).
2, 29
Suppose 5*g - 166 = -3*i, -3*g - 4*i + 102 = -i. Let j = g - 15. List the prime factors of j.
17
Suppose 0 = -c - v + 8, -2*c + 5*v + 1 = 20. Suppose 0 = c*a - 8*a + 95. List the prime factors of a.
19
Let z(u) = 11*u + 5. Let y = -4 + 0. Let f(m) = 6*m + 3. Let l(w) = y*z(w) + 7*f(w). List the prime factors of l(-2).
5
Let f = 38 - -34. What are the prime factors of f?
2, 3
Suppose 5*f + 3*d - 27 = 0, -5*d + 12 = 2*f - 14. Let b(v) = 2*v**2 - 4*v - 1. Let z be b(f). Suppose q - 15 = -z. What are the prime factors of q?
2, 5
Let j(z) = -3*z + 1. Let d be 8/(-6)*9/(-6). Suppose -d*r - 6 = -0*r. What are the prime factors of j(r)?
2, 5
Suppose 5*h = -2*t + 3 + 12, 0 = 3*t + 5*h - 15. Let f(p) = p**3 - 12*p**2 - 14*p + 15. Let z be f(13). What are the prime factors of (5*z)/(1 - t)?
2, 5
Suppose 4 = -2*q + 10. Suppose n - d - 12 = 0, n + q*d + 5 = 1. List the prime factors of n.
2
Suppose 5*n - 6 = -1. Suppose n = u - 2. What are the prime factors of u?
3
Suppose 3*m + 54 = 189. Let t = 71 - m. What are the prime factors of t?
2, 13
Let r(b) be the second derivative of -b**4/12 - b**3 - 3*b**2/2 + 2*b. Let q be r(-5). What are the prime factors of (q/(-1) - -6)*2?
2
Suppose c + 9 = 3. Let p(w) = -w**2 - 5*w + 7. Let j be p(c). Suppose -9 - j = -5*i. List the prime factors of i.
2
Suppose 5*a - 5*g = 2175, 0 = -3*g - 0*g - 9. List the prime factors of a.
2, 3
Suppose 5*z - 5*j - 546 = 214, 0 = -5*z - 3*j + 768. What are the prime factors of z?
3, 17
Let b = -115 - -163. What are the prime factors of b?
2, 3
Let p = -1 + 11. List the prime factors of p.
2, 5
Let v(m) = 8*m**2 + 5*m + 4. List the prime factors of v(-2).
2, 13
Let n = 16 + -13. List the prime factors of 22*(n + 2 + -4).
2, 11
Let s(y) = y**2 - 2*y - 2. Let n be s(4). Let j = 6 + n. Suppose -3*v + 9 + j = 0. List the prime factors of v.
7
What are the prime factors of (-14982)/(-44) + (-6)/4?
3, 113
Let u(d) = -d**3 - 4*d**2 - 5*d - 16. List the prime factors of u(-5).
2, 17
Suppose -203 - 111 = -2*b. List the prime factors of b.
157
Let x be 3/(5/(390/9)). Let u = x + -39. Let c = u + 23. List the prime factors of c.
2, 5
Suppose -7*p + 4*p = -12. List the prime factors of (-4)/p*(-1 - 14).
3, 5
Let z(b) = -b - 8. Let j be z(-8). Suppose j = -2*o + 7*o + t - 24, 0 = -o + 4*t - 12. What are the prime factors of o?
2
Let p be ((-26)/(-3))/(8/36). Let v be (-2)/(-1 + p/45). What are the prime factors of v - 3 - 2/(-2)?
13
Suppose 0*z = -9*z + 594. What are the prime factors of z?
2, 3, 11
Suppose 7*v + 4*v - 1254 = 0. What are the prime factors of v?
2, 3, 19
Let i(w) be the first derivative of w**4/4 + w**3/3 + 3*w + 2. Let s be i(0). Suppose -16 + 4 = -s*y. List the prime factors of y.
2
Suppose 3*u = -2*w - 6, 4*u - 10 = 5*w + 5. Suppose -r + 3*r = u. Suppose r = s - 2 - 12. What are the prime factors of s?
2, 7
Suppose 4*p + n = 5, -3*n - 2 = 2*p - n. Let z be p + (-5)/(15/6). Suppose 3*u + 3*v = z, u + 7 = -3*v - 1. List the prime factors of u.
2
Let o(i) = -i**2 + 8*i - 3. Let r be o(7). Suppose -32 = 2*q - r. List the prime factors of (-8)/(-28) - 248/q.
2, 3
Suppose v - 16 - 6 = -4*g, v - 18 = -3*g. What are the prime factors of (-1 - -6)/(2/v)?
3, 5
Suppose -3*n + h + 6 + 3 = 0, -2*h = 3*n - 9. Suppose 32 = 2*j - 80. List the prime factors of n*(j/6)/4.
7
Let n = 10 - 0. Suppose -n = -5*t + 5. What are the prime factors of t?
3
Suppose -18 = v + 4*t, 11 = -5*v + 5*t - 4. Let c = 2 - 0. Let d = c - v. What are the prime factors of d?
2
Let g = -22 - -46. Let x = 40 - g. Suppose 3*a - a - x = 0. List the prime factors of a.
2
Suppose 3*o - 120 = 123. Suppose 4*p - o = p. List the prime factors of p.
3
Let g = 6 - 11. What are the prime factors of 5/g*(1 - 3)?
2
Let y = 0 + 21. Let a = -14 + y. Suppose 2*d = -5*p + 47, 4*d + a + 7 = 2*p. List the prime factors of p.
3
Let o be (0 - 0)*(-5)/5. Suppose o = 4*m + m + 15. What are the prime factors of (-1)/m + (-112)/(-6)?
19
Suppose 0 = b - 2*u, 5*b - 3*b = u - 3. What are the prime factors of 2/(b/(-10*2))?
2, 5
Suppose 5*x + 2 - 17 = 0. Suppose 26 + 1 = x*r. List the prime factors of r.
3
Suppose 2*h = 5*h - 33. List the prime factors of h.
11
Let t(m) = -6*m - 3. Suppose 1 = 4*s + 13. Let d = s + 1. List the prime factors of t(d).
3
Suppose 4*d - 66 = d. List the prime factors of d.
2, 11
Let h = -3 + 3. Let u = 7 - h. Suppose -z + u = -6. What are the prime factors of z?
13
Suppose 4*v = -3*j - v + 6, -v = -3. Let q be (j + 2 - -4) + -3. Suppose -2*f = -q*f - 20. List the prime factors of f.
2, 5
Let g(l) = -l - 1. Let h(o) = 6*o + 3. Let u(n) = -5*g(n) - h(n). Suppose -3*a - 5 = 2*z + 3, 2*a = 3*z + 12. List the prime factors of u(a).
2
Let j(o) = -8*o + 10. Let g(a) = -7*a + 9. Let z(h) = -5*g(h) + 4*j(h). What are the prime factors of z(6)?
13
Suppose g + 1 = -1. Let u = 9 + g. List the prime factors of u.
7
Suppose -c - c = -28. What are the prime factors of c?
2, 7
Let r(t) = t**2 - t**2 + 7*t**2 + 2*t**2. List the prime factors of r(-1).
3
Let i = -78 + 122. What are the prime factors of i?
2, 11
Suppose 3*k - 83 = 2*k. Let d = -42 + k. List the prime factors of d.
41
Suppose -8*n - 60 = -2*b - 3*n, 3*n = -4*b + 146. List the prime factors of b.
5, 7
Let m = -55 - -184. List the prime factors of m.
3, 43
Suppose k = 6*k - 15. Suppose -b - 16 = 2*w + 4*b, -k*w - b = -2. Suppose 2*f = w*p + 16, 2*f - 31 = 4*p - 7*p. List the prime factors of f.
11
Let p = -36 - -73. What are the prime factors of p?
37
Let d(o) = -11*o + 2 - 1 + 3 + o**2. List the prime factors of d(13).
2, 3, 5
Suppose -2*d + 9 = 5*l, -l - 4 = -5*l. Suppose -d*t = 4*j - t - 31, 2*t + 2 = 0. List the prime factors of j.
2
What are the prime factors of 18/6*59/3?
59
Suppose -4*f = -3*p + 494, 364 = 5*p + 4*f - 502. List the prime factors of p.
2, 5, 17
Suppose 0 = -2*w + 3*p + 451, -4*w - 5*p = w - 1190. List the prime factors of w.
233
Let v(a) = 2*a + 0*a**2 - 7 + a**2 - 6*a. Let p be v(5). Let s = p - -4. What are the prime factors of s?
2
Suppose -2*s + 120 = -4*y, -s + 84 = -3*y - 7. Let v = 43 + y. What are the prime factors of v?
2, 3
Suppose 3*a = 7*a + 24. What are the prime factors of 1*a/4*-2?
3
Let x = 103 - 13. List the prime factors of x.
2, 3, 5
Let j(x) = -2*x**3 + 3*x**2 + 5*x + 1. What are the prime factors of j(-3)?
67
Let b(p) = -p**3 + 3*p**2 + 7*p - 8. Let f be b(4). Let y(r) be the second derivative of -r**3/6 + 4*r**2 - 2*r. List the prime factors of y(f).
2
Let l be -3*(-2)/(-1)*2. What are the prime factors of (6/l)/((-1)/64)?
2
Let v(g) be the third derivative of g**5/60 - g**4/12 + 5*g**3/6 - g**2. Let n be v(7). Suppose 0*i = 5*y - 3*i - n, -4*i + 9 = -y. List the prime factors of y.
11
Let t = 58 + 7. List the prime factors of t.
5, 13
Let f be (-8)/4 + 38 + 1. Let i = f + -11. What are the prime factors of i?
2, 13
Let x = -7 + 1. Let a = -1 - x. What are the prime factors of a?
5
Suppose 0 = 2*t + 6, 4*n + 2*t - 13 = t. Suppose -3 - 5 = -n*b. List the prime factors of b.
2
Suppose -34 = 4*d - 330. What are the prime factors of d?
2, 37
Suppose -v = g, 3*v - 2*v = -2*g - 4. Let n = v - 2. Suppose s = 6 + n. List the prime factors of s.
2
Suppose -4*u - 120 = -4*i, 4*u = -3*i + 75 - 6. Let z = i + -15. Suppose j - 2*j + z = 0. List the prime factors of j.
2, 3
Let x(l) = 2*l**2 + 0*l**2 - 3*l - l**3 +